{"id":51,"date":"2026-03-01T17:05:06","date_gmt":"2026-03-01T17:05:06","guid":{"rendered":"http:\/\/gfebbcc.cluster121.hosting.ovh.net\/?page_id=51"},"modified":"2026-03-13T20:33:30","modified_gmt":"2026-03-13T20:33:30","slug":"communications","status":"publish","type":"page","link":"https:\/\/thierssurthevenotrevillage.fr\/index.php\/communications\/","title":{"rendered":"Communications"},"content":{"rendered":"\n<p>\ud83d\udd35\ud83d\udfe2Derni\u00e8re publication avant le vote !<\/p>\n\n\n\n<iframe src=\"https:\/\/www.facebook.com\/plugins\/post.php?href=https%3A%2F%2Fwww.facebook.com%2Fpermalink.php%3Fstory_fbid%3Dpfbid0XYaGwiDZb7MgfEuf6H14Vveqvi5nWHgtjbDm2v9Kugi1pNmRno3i61eRMn33NMzTl%26id%3D61588546303983&#038;show_text=true&#038;width=500\" width=\"500\" height=\"699\" style=\"border:none;overflow:hidden\" scrolling=\"no\" frameborder=\"0\" allowfullscreen=\"true\" allow=\"autoplay; clipboard-write; encrypted-media; picture-in-picture; web-share\"><\/iframe>\n\n\n\n<p>\ud83d\udd35\ud83d\udfe2Information importante<\/p>\n\n\n\n<iframe src=\"https:\/\/www.facebook.com\/plugins\/post.php?href=https%3A%2F%2Fwww.facebook.com%2Fpermalink.php%3Fstory_fbid%3Dpfbid02R7BdfZsx4bsaVMxDmphtaz6qMezewSsucBGTB5D9uetw51Bcu8FNFt7cHE7SRPySl%26id%3D61588546303983&#038;show_text=true&#038;width=500\" width=\"500\" height=\"250\" style=\"border:none;overflow:hidden\" scrolling=\"no\" frameborder=\"0\" allowfullscreen=\"true\" allow=\"autoplay; clipboard-write; encrypted-media; picture-in-picture; web-share\"><\/iframe>\n\n\n\n<p>\ud83d\udd35\ud83d\udfe2Derni\u00e8re permanence ce soir !<\/p>\n\n\n\n<iframe src=\"https:\/\/www.facebook.com\/plugins\/post.php?href=https%3A%2F%2Fwww.facebook.com%2Fpermalink.php%3Fstory_fbid%3Dpfbid0fLp98xaHy9szhhu2Rmxt1RajCXj3oGH1GJejVxSjvv4KNE94afgM7E6aBMSsMQjsl%26id%3D61588546303983&#038;show_text=true&#038;width=500\" width=\"500\" height=\"699\" style=\"border:none;overflow:hidden\" scrolling=\"no\" frameborder=\"0\" allowfullscreen=\"true\" allow=\"autoplay; clipboard-write; encrypted-media; picture-in-picture; web-share\"><\/iframe>\n\n\n\n<p>\ud83d\udd35\ud83d\udfe2Distribution du trombinoscope<\/p>\n\n\n\n<iframe src=\"https:\/\/www.facebook.com\/plugins\/post.php?href=https%3A%2F%2Fwww.facebook.com%2Fpermalink.php%3Fstory_fbid%3Dpfbid02mEK78iNVPKi2r6PhdCrX6UrntwH6DsvTgStXESpEt6Zug74sC7kVBpqhN3JKAVVAl%26id%3D61588546303983&#038;show_text=true&#038;width=500\" width=\"500\" height=\"486\" style=\"border:none;overflow:hidden\" scrolling=\"no\" frameborder=\"0\" allowfullscreen=\"true\" allow=\"autoplay; clipboard-write; encrypted-media; picture-in-picture; web-share\"><\/iframe>\n\n\n\n<p>\ud83d\udd35\ud83d\udfe2Absent(e) dimanche ? Pensez \u00e0 la procuration !<\/p>\n\n\n\n<iframe src=\"https:\/\/www.facebook.com\/plugins\/post.php?href=https%3A%2F%2Fwww.facebook.com%2Fpermalink.php%3Fstory_fbid%3Dpfbid0JidmquKhhESzXMTbgUBUNu8VS98wAPLCJZ3Dv4FMwnJP5cydY26JmjdFkmYWH3Nnl%26id%3D61588546303983&#038;show_text=true&#038;width=500\" width=\"500\" height=\"659\" style=\"border:none;overflow:hidden\" scrolling=\"no\" frameborder=\"0\" allowfullscreen=\"true\" allow=\"autoplay; clipboard-write; encrypted-media; picture-in-picture; web-share\"><\/iframe>\n\n\n\n<div class=\"wp-block-group is-nowrap is-layout-flex wp-container-core-group-is-layout-ad2f72ca wp-block-group-is-layout-flex\">\n<p>\ud83d\udd35\ud83d\udfe2Une lettre aux Thi\u00e9roises et aux Thi\u00e9rois distribu\u00e9e hier dans vos bo\u00eetes aux lettres !<\/p>\n<\/div>\n\n\n\n<iframe src=\"https:\/\/www.facebook.com\/plugins\/post.php?href=https%3A%2F%2Fwww.facebook.com%2Fpermalink.php%3Fstory_fbid%3Dpfbid02WkhrhNL4EzpdZk7vMJXyDEYQAzLbcKqyzQsx5aRChzPRLAdF2DfoNohSEZVCzZn5l%26id%3D61588546303983&#038;show_text=true&#038;width=500\" width=\"500\" height=\"718\" style=\"border:none;overflow:hidden\" scrolling=\"no\" frameborder=\"0\" allowfullscreen=\"true\" allow=\"autoplay; clipboard-write; encrypted-media; picture-in-picture; web-share\"><\/iframe>\n\n\n\n<p>\ud83d\udd35\ud83d\udfe2Une \u00e9quipe rassembl\u00e9e pour Thiers-sur-Th\u00e8ve !<\/p>\n\n\n\n<iframe src=\"https:\/\/www.facebook.com\/plugins\/post.php?href=https%3A%2F%2Fwww.facebook.com%2Fpermalink.php%3Fstory_fbid%3Dpfbid04fvk7zzz4L9aXDUidWGwnyLNdxBk3PVSucwsh21SVmK7yXbZeym3VrkqMWeVUTHHl%26id%3D61588546303983&#038;show_text=true&#038;width=500\" width=\"500\" height=\"553\" style=\"border:none;overflow:hidden\" scrolling=\"no\" frameborder=\"0\" allowfullscreen=\"true\" allow=\"autoplay; clipboard-write; encrypted-media; picture-in-picture; web-share\"><\/iframe>\n\n\n\n<p>&nbsp;\ud83d\udd35\ud83d\udfe2Aujourd\u2019hui, nous vous pr\u00e9sentons le dernier candidat de notre \u00e9quipe\u2026 et notre t\u00eate de liste.<\/p>\n\n\n\n<iframe src=\"https:\/\/www.facebook.com\/plugins\/post.php?href=https%3A%2F%2Fwww.facebook.com%2Fpermalink.php%3Fstory_fbid%3Dpfbid02mjMvevDEp6be9KWASz5UMsamypmGrXUKHvrpdjDk1wbTiMRA39cVhX6LWG8G6Dxbl%26id%3D61588546303983&#038;show_text=true&#038;width=500\" width=\"500\" height=\"250\" style=\"border:none;overflow:hidden\" scrolling=\"no\" frameborder=\"0\" allowfullscreen=\"true\" allow=\"autoplay; clipboard-write; encrypted-media; picture-in-picture; web-share\"><\/iframe>\n\n\n\n<p>&nbsp;\ud83d\udd35\ud83d\udfe2Aujourd\u2019hui, nous vous pr\u00e9sentons deux nouvelles personnes de notre \u00e9quipe.<\/p>\n\n\n\n<iframe src=\"https:\/\/www.facebook.com\/plugins\/post.php?href=https%3A%2F%2Fwww.facebook.com%2Fpermalink.php%3Fstory_fbid%3Dpfbid02XBpbZoiia1r2WYEc3cSXPYCk6n8R4swzRQE86mKN59ef31BNy5nW9V6diEXVRJ77l%26id%3D61588546303983&#038;show_text=true&#038;width=500\" width=\"500\" height=\"524\" style=\"border:none;overflow:hidden\" scrolling=\"no\" frameborder=\"0\" allowfullscreen=\"true\" allow=\"autoplay; clipboard-write; encrypted-media; picture-in-picture; web-share\"><\/iframe>\n\n\n\n<p>&nbsp;\ud83d\udd35\ud83d\udfe2Vous avez manqu\u00e9 notre rencontre caf\u00e9 de ce week-end ?<\/p>\n\n\n\n<iframe src=\"https:\/\/www.facebook.com\/plugins\/post.php?href=https%3A%2F%2Fwww.facebook.com%2Fpermalink.php%3Fstory_fbid%3Dpfbid02yzY6cDmQgMMCvjyLJkDhLYFoa5gZjKy2kCAAYNAehcwKibsrR19QX8mSGiiYv3mnl%26id%3D61588546303983&#038;show_text=true&#038;width=500\" width=\"500\" height=\"250\" style=\"border:none;overflow:hidden\" scrolling=\"no\" frameborder=\"0\" allowfullscreen=\"true\" allow=\"autoplay; clipboard-write; encrypted-media; picture-in-picture; web-share\"><\/iframe>\n\n\n\n<p>&nbsp;\ud83d\udd35\ud83d\udfe2Derri\u00e8re chaque engagement, il y a une histoire. Aujourd\u2019hui, d\u00e9couvrez deux nouvelles personnes de notre \u00e9quipe<\/p>\n\n\n\n<iframe src=\"https:\/\/www.facebook.com\/plugins\/post.php?href=https%3A%2F%2Fwww.facebook.com%2Fpermalink.php%3Fstory_fbid%3Dpfbid02CZdAFDdt4dZVWMPywyrpMwYCibCznf6uXRKUxSXLB1B39cYhZkuNRGMftTjYh4Uql%26id%3D61588546303983&#038;show_text=true&#038;width=500\" width=\"500\" height=\"524\" style=\"border:none;overflow:hidden\" scrolling=\"no\" frameborder=\"0\" allowfullscreen=\"true\" allow=\"autoplay; clipboard-write; encrypted-media; picture-in-picture; web-share\"><\/iframe>\n\n\n\n<p>\ud83d\udd35\ud83d\udfe2Aujourd\u2019hui, faites connaissance avec deux nouvelles personnes de notre \u00e9quipe !<\/p>\n\n\n\n<iframe src=\"https:\/\/www.facebook.com\/plugins\/post.php?href=https%3A%2F%2Fwww.facebook.com%2Fpermalink.php%3Fstory_fbid%3Dpfbid0356PMkn4fx4Y5vNeQQXERPNyD7ZMQ7P8JLsQxpaMNyRzktTHZkTTewpzimsZaDaF1l%26id%3D61588546303983&#038;show_text=true&#038;width=500\" width=\"500\" height=\"563\" style=\"border:none;overflow:hidden\" scrolling=\"no\" frameborder=\"0\" allowfullscreen=\"true\" allow=\"autoplay; clipboard-write; encrypted-media; picture-in-picture; web-share\"><\/iframe>\n\n\n\n<p>\ud83d\udd35\ud83d\udfe2De nouveaux visages \u00e0 d\u00e9couvrir !<\/p>\n\n\n\n<iframe src=\"https:\/\/www.facebook.com\/plugins\/post.php?href=https%3A%2F%2Fwww.facebook.com%2Fpermalink.php%3Fstory_fbid%3Dpfbid0YRnozt54H5HqGf3RKzEWb8sHPHeXutGZ6RrgyYhFWafwWzTL2zypcPV2UrwbHwKql%26id%3D61588546303983&#038;show_text=true&#038;width=500\" width=\"500\" height=\"250\" style=\"border:none;overflow:hidden\" scrolling=\"no\" frameborder=\"0\" allowfullscreen=\"true\" allow=\"autoplay; clipboard-write; encrypted-media; picture-in-picture; web-share\"><\/iframe>\n\n\n\n<p>\ud83d\udd35\ud83d\udfe2Invitation : Et si on prenait un caf\u00e9 pour parler de Thiers-sur-Th\u00e8ve ?<\/p>\n\n\n\n<iframe src=\"https:\/\/www.facebook.com\/plugins\/post.php?href=https%3A%2F%2Fwww.facebook.com%2Fpermalink.php%3Fstory_fbid%3Dpfbid0MvQ5PEHjp8KTC2a9xtjFPakVDS4KSY86mrXQWW7H3YPynQ3sWPKirWADyEM1iS6rl%26id%3D61588546303983&#038;show_text=true&#038;width=500\" width=\"500\" height=\"679\" style=\"border:none;overflow:hidden\" scrolling=\"no\" frameborder=\"0\" allowfullscreen=\"true\" allow=\"autoplay; clipboard-write; encrypted-media; picture-in-picture; web-share\"><\/iframe>\n\n\n\n<p>\ud83d\udd35\ud83d\udfe2Deux nouveaux portraits \u00e0 d\u00e9couvrir aujourd\u2019hui !<\/p>\n\n\n\n<iframe src=\"https:\/\/www.facebook.com\/plugins\/post.php?href=https%3A%2F%2Fwww.facebook.com%2Fpermalink.php%3Fstory_fbid%3Dpfbid02XZE2HpjF1epi47gTmKBxvpndyz8wMq3YBirwB5DuFr8ww4XtUzie3Q7gAzsofTTvl%26id%3D61588546303983&#038;show_text=true&#038;width=500\" width=\"500\" height=\"505\" style=\"border:none;overflow:hidden\" scrolling=\"no\" frameborder=\"0\" allowfullscreen=\"true\" allow=\"autoplay; clipboard-write; encrypted-media; picture-in-picture; web-share\"><\/iframe>\n\n\n\n<p>\ud83d\udd35\ud83d\udfe2D\u00e9couvrez notre programme !<\/p>\n\n\n\n<iframe src=\"https:\/\/www.facebook.com\/plugins\/post.php?href=https%3A%2F%2Fwww.facebook.com%2Fpermalink.php%3Fstory_fbid%3Dpfbid08STFdf7D1TvPgvWfx4Sxs4MBKXAHenkrjyrfkiULxZ4Nb8qoPbt3YbMdVFgqozTZl%26id%3D61588546303983&#038;show_text=true&#038;width=500\" width=\"500\" height=\"250\" style=\"border:none;overflow:hidden\" scrolling=\"no\" frameborder=\"0\" allowfullscreen=\"true\" allow=\"autoplay; clipboard-write; encrypted-media; picture-in-picture; web-share\"><\/iframe>\n\n\n\n<p>\ud83d\udd35\ud83d\udfe2 Deux nouvelles pr\u00e9sentations.<\/p>\n\n\n\n<iframe src=\"https:\/\/www.facebook.com\/plugins\/post.php?href=https%3A%2F%2Fwww.facebook.com%2Fpermalink.php%3Fstory_fbid%3Dpfbid0JuswvRfUvLK44N71PNy66z48VTdpJ7piWEK3EoSZaJPHZzphMMi5gYY3xxJS86m9l%26id%3D61588546303983&#038;show_text=true&#038;width=500\" width=\"500\" height=\"524\" style=\"border:none;overflow:hidden\" scrolling=\"no\" frameborder=\"0\" allowfullscreen=\"true\" allow=\"autoplay; clipboard-write; encrypted-media; picture-in-picture; web-share\"><\/iframe>\n\n\n\n<p>\ud83d\udd35\ud83d\udfe2 \u00c7a y est !<\/p>\n\n\n\n<iframe src=\"https:\/\/www.facebook.com\/plugins\/post.php?href=https%3A%2F%2Fwww.facebook.com%2Fpermalink.php%3Fstory_fbid%3Dpfbid0Cd7mMWrEAfcmHpDVsNGmi2pFgoenWQN2nDTXM1XYvw9vPBVo7BRcnjcd8acmw2vkl%26id%3D61588546303983&#038;show_text=true&#038;width=500\" width=\"500\" height=\"250\" style=\"border:none;overflow:hidden\" scrolling=\"no\" frameborder=\"0\" allowfullscreen=\"true\" allow=\"autoplay; clipboard-write; encrypted-media; picture-in-picture; web-share\"><\/iframe>\n\n\n\n<p>\ud83d\udd35\ud83d\udfe2Nouveau document en cours de distribution <\/p>\n\n\n\n<iframe src=\"https:\/\/www.facebook.com\/plugins\/post.php?href=https%3A%2F%2Fwww.facebook.com%2Fpermalink.php%3Fstory_fbid%3Dpfbid02NcoWwaoaqkjmduGiKk8wp4nqnxn3xxDRHK5eE3HESay7F7CX7vsUdTdwcN5sjVAdl%26id%3D61588546303983&#038;show_text=true&#038;width=500\" width=\"500\" height=\"609\" style=\"border:none;overflow:hidden\" scrolling=\"no\" frameborder=\"0\" allowfullscreen=\"true\" allow=\"autoplay; clipboard-write; encrypted-media; picture-in-picture; web-share\"><\/iframe>\n\n\n\n<p>\ud83d\udd35\ud83d\udfe2Comme promis\u2026 les pr\u00e9sentations commencent !<\/p>\n\n\n\n<iframe src=\"https:\/\/www.facebook.com\/plugins\/post.php?href=https%3A%2F%2Fwww.facebook.com%2Fpermalink.php%3Fstory_fbid%3Dpfbid0g3S7T4P3ZjUjjrgehaQbZauNMsmhD66dXYj1cz5wsKFQ8d6oBFZemixcRrrLGZgTl%26id%3D61588546303983&#038;show_text=true&#038;width=500\" width=\"500\" height=\"486\" style=\"border:none;overflow:hidden\" scrolling=\"no\" frameborder=\"0\" allowfullscreen=\"true\" allow=\"autoplay; clipboard-write; encrypted-media; picture-in-picture; web-share\"><\/iframe>\n\n\n\n<p>\ud83d\udd35\ud83d\udfe2 <strong>Vous nous l\u2019avez demand\u00e9\u2026<\/strong><\/p>\n\n\n\n<iframe src=\"https:\/\/www.facebook.com\/plugins\/post.php?href=https%3A%2F%2Fwww.facebook.com%2Fpermalink.php%3Fstory_fbid%3Dpfbid0nLxdhPUipTFSDMj182RjiUhvB6F8GRDU8Uny6Jrw4At983WgfstD8oH8Pn6PfK26l%26id%3D61588546303983&#038;show_text=true&#038;width=500\" width=\"500\" height=\"660\" style=\"border:none;overflow:hidden\" scrolling=\"no\" frameborder=\"0\" allowfullscreen=\"true\" allow=\"autoplay; clipboard-write; encrypted-media; picture-in-picture; web-share\"><\/iframe>\n\n\n\n<p><strong>Dimanche ensoleill\u00e9<\/strong><\/p>\n\n\n\n<iframe src=\"https:\/\/www.facebook.com\/plugins\/post.php?href=https%3A%2F%2Fwww.facebook.com%2Fpermalink.php%3Fstory_fbid%3Dpfbid01FA9tcneqGF7v6eQ7dPc32tJSkpjnhMG3kmVM4FDsGD6YyHjsfwDvGXC7WWHAfqRl%26id%3D61588546303983&#038;show_text=true&#038;width=500\" width=\"500\" height=\"423\" style=\"border:none;overflow:hidden\" scrolling=\"no\" frameborder=\"0\" allowfullscreen=\"true\" allow=\"autoplay; clipboard-write; encrypted-media; picture-in-picture; web-share\"><\/iframe>\n\n\n\n<h6 class=\"wp-block-heading\">Distribution sous la pluie et arc en ciel<\/h6>\n\n\n\n<iframe src=\"https:\/\/www.facebook.com\/plugins\/post.php?href=https%3A%2F%2Fwww.facebook.com%2Fpermalink.php%3Fstory_fbid%3Dpfbid032UoG586UyqTyHFLuRRe39uhFxmMbmst2JHNe7mpNDmaHtHt3TpjBTZyW3eumxQw1l%26id%3D61588546303983&#038;show_text=true&#038;width=500\" width=\"500\" height=\"609\" style=\"border:none;overflow:hidden\" scrolling=\"no\" frameborder=\"0\" allowfullscreen=\"true\" allow=\"autoplay; clipboard-write; encrypted-media; picture-in-picture; web-share\"><\/iframe>\n\n\n\n<h6 class=\"wp-block-heading\">Notre lettre est arriv\u00e9e dans vos bo\u00eetes aux lettres !<\/h6>\n\n\n\n<iframe src=\"https:\/\/www.facebook.com\/plugins\/post.php?href=https%3A%2F%2Fwww.facebook.com%2Fpermalink.php%3Fstory_fbid%3Dpfbid02Ty4sBf5zpXG1ckiMAYTvgXrEkjuCLVgyXRtMuBRmSzSv5nvZJq7UHcoH966H9H5Tl%26id%3D61588546303983&#038;show_text=true&#038;width=500\" width=\"500\" height=\"792\" style=\"border:none;overflow:hidden\" scrolling=\"no\" frameborder=\"0\" allowfullscreen=\"true\" allow=\"autoplay; clipboard-write; encrypted-media; picture-in-picture; web-share\"><\/iframe>\n","protected":false},"excerpt":{"rendered":"<p>\ud83d\udd35\ud83d\udfe2Derni\u00e8re publication avant le vote ! \ud83d\udd35\ud83d\udfe2Information importante \ud83d\udd35\ud83d\udfe2Derni\u00e8re permanence ce soir ! \ud83d\udd35\ud83d\udfe2Distribution du trombinoscope \ud83d\udd35\ud83d\udfe2Absent(e) dimanche ? Pensez \u00e0 la procuration ! \ud83d\udd35\ud83d\udfe2Une lettre aux Thi\u00e9roises et aux Thi\u00e9rois distribu\u00e9e hier dans vos bo\u00eetes aux lettres ! \ud83d\udd35\ud83d\udfe2Une \u00e9quipe rassembl\u00e9e pour Thiers-sur-Th\u00e8ve ! &nbsp;\ud83d\udd35\ud83d\udfe2Aujourd\u2019hui, nous vous pr\u00e9sentons le dernier candidat de notre \u00e9quipe\u2026 &hellip; <a href=\"https:\/\/thierssurthevenotrevillage.fr\/index.php\/communications\/\" class=\"more-link\">Continuer la lecture<span class=\"screen-reader-text\"> de &laquo;&nbsp;Communications&nbsp;&raquo;<\/span><\/a><\/p>\n","protected":false},"author":1,"featured_media":0,"parent":0,"menu_order":0,"comment_status":"closed","ping_status":"closed","template":"","meta":{"footnotes":""},"class_list":["post-51","page","type-page","status-publish","hentry"],"_links":{"self":[{"href":"https:\/\/thierssurthevenotrevillage.fr\/index.php\/wp-json\/wp\/v2\/pages\/51","targetHints":{"allow":["GET"]}}],"collection":[{"href":"https:\/\/thierssurthevenotrevillage.fr\/index.php\/wp-json\/wp\/v2\/pages"}],"about":[{"href":"https:\/\/thierssurthevenotrevillage.fr\/index.php\/wp-json\/wp\/v2\/types\/page"}],"author":[{"embeddable":true,"href":"https:\/\/thierssurthevenotrevillage.fr\/index.php\/wp-json\/wp\/v2\/users\/1"}],"replies":[{"embeddable":true,"href":"https:\/\/thierssurthevenotrevillage.fr\/index.php\/wp-json\/wp\/v2\/comments?post=51"}],"version-history":[{"count":29,"href":"https:\/\/thierssurthevenotrevillage.fr\/index.php\/wp-json\/wp\/v2\/pages\/51\/revisions"}],"predecessor-version":[{"id":234,"href":"https:\/\/thierssurthevenotrevillage.fr\/index.php\/wp-json\/wp\/v2\/pages\/51\/revisions\/234"}],"wp:attachment":[{"href":"https:\/\/thierssurthevenotrevillage.fr\/index.php\/wp-json\/wp\/v2\/media?parent=51"}],"curies":[{"name":"wp","href":"https:\/\/api.w.org\/{rel}","templated":true}]}}